it of z?
5
Let c = 61 + -33. What is the units digit of c?
8
Suppose -14*q = -11*q - 15. Suppose 3*v + 259 = q*p + 57, 0 = v - 1. What is the units digit of p?
1
Let m = 112 + -86. What is the units digit of m?
6
Let z(y) = -11 - 5*y - 4*y + 5*y + y. Let c be z(-8). Suppose 0 = -4*m, -q + c = -5*m - 4. What is the tens digit of q?
1
Let j = -26 - -38. What is the tens digit of j?
1
Suppose -4*t = -4*m + 24, 8 + 5 = -2*m - 3*t. What is the units digit of m/(2/10*1)?
5
Let b be -5 + -41 + (1 - 0). Let h = b + 69. Suppose y - h = -y. What is the units digit of y?
2
Let n be ((-8)/20)/((-1)/(-5)). Let d = 11 + n. What is the units digit of d?
9
Let p(t) = -18*t**3 - t**2 - 2. What is the hundreds digit of p(-2)?
1
Suppose -2*g = -4*r + 2*r - 82, -r - 3 = 0. What is the tens digit of g?
3
Let w be ((-4)/(-6))/((-2)/(-12)). Let c(b) = -b + 8. Let k be c(w). What is the units digit of 3/12 - (-71)/k?
8
Let n = -2 + 5. Suppose 0 = i - 2*k - k + n, i = k - 1. Suppose 0 = -d - 3*j - 5, i = 2*d - 6*j + 5*j - 11. What is the units digit of d?
4
Let a(d) = -d**2 - d + 15. Let u be a(0). Let m = 23 - u. What is the units digit of m?
8
Let w = 11 - -45. Let v = -31 + w. What is the units digit of v?
5
Let c = 144 + -57. What is the tens digit of c?
8
Let y be 0/(-2 - -4 - 0). Suppose y = -j - 3*j + 28. What is the units digit of j?
7
Suppose -6*z + 1587 = 129. What is the tens digit of z?
4
Suppose 3*t - 5*b + 10*b + 7 = 0, 0 = 2*t - 3*b - 27. Let l be t/10 - 187/(-5). Let p = 56 - l. What is the units digit of p?
8
Suppose s = 52 + 23. What is the units digit of s?
5
Suppose -3*a = 3, -5*u - 4*a + 3*a = -9. Suppose 5*c - u*h - 50 = -7*h, 2*h = 4*c - 28. Suppose -14 = -2*j + c. What is the units digit of j?
1
Let c(q) = -q**3 + 6*q**2 + 17*q + 9. What is the units digit of c(8)?
7
Suppose 0 = -2*t - 0*t + 2. Let s be 1 + t - (4 + -4). Suppose -s*l + x + 39 = 3*l, -2*l - 2*x = -6. What is the units digit of l?
7
Suppose -5*k = -4*i + 67, -3*k - 3 - 6 = 0. Let l = 24 - i. What is the units digit of l?
1
Let i be (-2)/(-6) + 17/3. Suppose l - k = i + 4, 3*l - 30 = 2*k. Suppose 0 = 2*b - 4*z - 2, 2*b + 0*b = 2*z + l. What is the units digit of b?
9
Suppose 2*j = -5*d - 28, 3*j + 5*d = -0 - 32. Let y be -1 - 5/(10/j). What is the units digit of (y + 7)/1 - 1?
7
Let a = -2 - -1. Let v be (0 - a)*(-3 + 5). What is the units digit of (-1 - v)/(-3) + 1?
2
Suppose 0 = 124*g - 123*g - 251. What is the hundreds digit of g?
2
Let o(y) = 26*y**3 + 2*y**2 - y. What is the units digit of o(1)?
7
Suppose -4*r + p = -297, -4*r + p + 72 = -3*r. What is the tens digit of r?
7
What is the tens digit of -5 - ((-8)/(-4) - 185)?
7
Let t(v) = 6*v**3 + 4*v**2 - 3*v - 7. Let a(s) = 2*s**3 + s**2 - s - 2. Suppose 2*q - 1 + 5 = 0. Let f(j) = q*t(j) + 7*a(j). What is the units digit of f(2)?
0
Suppose 5*y - 12 = 3. Suppose -18 = y*r - 0*r. Let n = 12 + r. What is the units digit of n?
6
Let b = 2 + -1. Let i be (-1 + b)/(1/1). Suppose i = -4*a + 6*a - 2. What is the units digit of a?
1
Let g(k) = k. Let i be 1/3 - (-4)/6. What is the units digit of g(i)?
1
Let u = 64 - -25. What is the units digit of u?
9
Suppose 4*f - g = g + 144, -3*f - g = -98. What is the tens digit of f?
3
Let j be 3/5 - (-34)/10. What is the units digit of ((-6)/j)/(4/(-24))?
9
Suppose 2*v = -h + 30, -2*h + 2*v = 3*v - 45. What is the tens digit of h?
2
Let r be -1*(-3)/(-3) - -7. Suppose c + 2*x = r, -88 + 6 = -5*c + 3*x. What is the units digit of c?
4
Suppose 20 = 3*v - z, -4*z - 5 = -3*v + 3. What is the units digit of v?
8
Let t = 4 - 19. What is the units digit of -1*(-2)/(-6)*t?
5
Let l = -20 - -20. Suppose l = 4*z + 5*a - 38, 0 = -3*z + 2*a - 6*a + 29. What is the units digit of z?
7
Let r be (30/(-4))/((-2)/4). What is the units digit of 6/r + 36/10?
4
Suppose 0 = -5*r + 25. Let n be 128/20 + 3/r. Suppose b - 2 = n. What is the units digit of b?
9
Suppose 5*n + y + 2*y - 1266 = 0, -3*n - 2*y + 759 = 0. Suppose 10*v = 15*v - n. What is the tens digit of v?
5
Suppose -2*x - 2*g = 81 - 271, 4*x - 3*g = 394. What is the units digit of x?
7
Let z be -1 - (1/2 - 2/4). Suppose -2*f + 2 = -0. What is the units digit of ((z/1)/(-1))/f?
1
Suppose -28 = -2*s + 4*s. Let p = s + 29. Suppose -2*q - 3*q = -p. What is the units digit of q?
3
Let d(r) = 1 - 3 + 6*r + 0 - 3*r - 3*r**2 - r**3. Let f = -8 - -4. What is the units digit of d(f)?
2
Let v(d) = 2*d**3 - 11*d**2 + 16*d - 9. What is the tens digit of v(6)?
2
Let h(u) = 5 + 10*u + 5*u**2 - 17*u - 3*u**2. What is the units digit of h(4)?
9
Let h = -26 - -56. Suppose -3*u + 40 = k, -4*u + 10 + h = 4*k. What is the units digit of u?
5
Let f be -15*(2 - 36/10). What is the units digit of ((-1)/(-2))/(3/f)?
4
Suppose 0 = -4*j - 2*u + 44, -5*u + 19 = 2*j - 19. Let c = j - 3. What is the units digit of c?
6
Let f be (-2)/16 - (-417)/8. Suppose 4 = 4*u - f. What is the tens digit of u?
1
Let o = -165 + 95. Let k = 98 + o. What is the tens digit of k?
2
Let x(s) = s**3 - 6*s**2 - 2*s + 10. What is the units digit of x(7)?
5
Let u(n) = 7*n**3 - 3*n**2 + 7*n - 2. Let d(o) = 3*o**3 - 2*o**2 + 4*o - 1. Let s(a) = -7*d(a) + 4*u(a). What is the units digit of s(1)?
8
Let n(d) = 2*d - 4. Let q be n(-8). What is the tens digit of (72/q)/(6/(-20))?
1
Let i(w) = w**2 - w + 3. Let p be -3*1/(-3) - -2. Suppose p = -4*d + 3*g - 3, 0 = 5*d - 5*g + 10. What is the units digit of i(d)?
3
Suppose 3*f + f = -4*x - 60, 3*x + f = -45. Let o = x + 29. What is the units digit of o?
4
Let v(i) = -i - 2. Let a be v(-10). Suppose 0 = -r - t + a, 0*t + 14 = r + 4*t. What is the units digit of r?
6
Let h(a) = a**2 + 8*a - 5. Let k be h(-9). Suppose 3*c - k*c = -12. What is the units digit of c?
2
Suppose -4*p + 100 + 232 = 0. What is the tens digit of p?
8
Let i = 327 + -51. Suppose 72 = -6*d + i. What is the units digit of d?
4
Let o = 101 + 46. What is the units digit of o?
7
Let j = -132 - -186. What is the tens digit of j?
5
Let a be ((-9)/(-6))/((-1)/(-2)). Let j = 0 + a. Suppose 15 = -j*x + 3*c + 69, -x + 2 = 3*c. What is the units digit of x?
4
Let m(y) = -y**3 - 5*y**2 + 3*y - 1. Let s be m(-7). Suppose 2*i + 0*i - s = 0. Suppose -i - 22 = -3*r. What is the units digit of r?
0
Suppose -2*d + 4*d = -40. Let l be (-1*5)/((-3)/(-18)). Let r = d - l. What is the units digit of r?
0
Let x(c) = 1 + 0*c + 4*c**2 - c + 0*c. What is the units digit of x(2)?
5
Let m be (-98)/10 + 3/(-15). Let w(v) = -v**2 - 10*v - 9. Let i be w(m). Let c = 14 + i. What is the units digit of c?
5
What is the tens digit of (-33)/(-22) - 526/(-4)?
3
Suppose 4*h - 5*v + 5 = 0, -3*v = -3 - 0. Suppose -2*q + h*d - 7 = -5*d, -2*d = q - 19. What is the units digit of q?
9
Let t be 9 + -12 + (1 - 1). Let p be (-2 - 1/(-1)) + 3. What is the units digit of t + (-4)/(p - 3)?
1
Let u = -7 + 22. What is the units digit of u?
5
Suppose m - h - 9 = 0, 3*h - 4*h - 21 = -3*m. What is the units digit of m?
6
Let n(r) = 3*r**2 - 5*r - 3*r**2 - 2*r**2 + r**2 + 6. Let f be n(-5). Let g(v) = v**3 - 6*v**2 + 2*v - 6. What is the units digit of g(f)?
6
Let f(t) = -11*t + 1. Let g be f(-4). Suppose -5*y = -5*l - g, -5*y + 8 + 38 = -4*l. What is the tens digit of y?
1
Let v(l) = -37*l**3 - 2*l**2 + 2*l. What is the units digit of v(-2)?
4
Let y be (-1 - (-10)/2) + -1. Suppose y*o = o + 12. What is the units digit of o?
6
Let f be -4*(2 + (2 - 5)). Let p = 7 - f. Suppose u + 3*u = h + 38, -p = -u - 3*h. What is the units digit of u?
9
Let w(t) = -15*t + 15. What is the units digit of w(-3)?
0
What is the tens digit of (231/(-55))/((-1)/15)?
6
Suppose -4*n + 1436 = 5*h, 1424 = 5*h - 4*n + 5*n. What is the units digit of h?
4
Let z = -3 + 7. Suppose -z = -3*d - 19. Let x(t) = -t**2 - 7*t - 3. What is the units digit of x(d)?
7
Let g = 341 - 0. What is the units digit of g?
1
Let j be 4*-3*(-1)/3. Let o(w) = w**2 - 4. Let k be o(j). Let p = k - 7. What is the units digit of p?
5
Let u be 41/6 + 4/24. Suppose -g = -4*l + 19, -l + 0*g - 2*g = -u. What is the units digit of l?
5
Suppose -30 = -x + 2*z - 11, 3*z = 3. What is the tens digit of (-2 + 1)*3 + x?
1
Let h be 98/(-4) - 1/2. What is the tens digit of h*((-7)/5 + 1)?
1
Let x(v) be the first derivative of -v**4/4 - v**3 + 3*v - 1. Let z be x(-3). Suppose -5*o - z = -t + 4, -2*o = 0. What is th